{"id":6677,"date":"2023-10-23T20:49:53","date_gmt":"2023-10-23T20:49:53","guid":{"rendered":"https:\/\/solidarites-entreprises.org\/site\/?page_id=6677"},"modified":"2023-11-17T16:12:50","modified_gmt":"2023-11-17T16:12:50","slug":"etudes","status":"publish","type":"page","link":"https:\/\/solidarites-entreprises.org\/site\/etudes\/","title":{"rendered":"Etudes"},"content":{"rendered":"\t\t<div data-elementor-type=\"wp-page\" data-elementor-id=\"6677\" class=\"elementor elementor-6677\">\n\t\t\t\t\t\t\t<div class=\"elementor-element elementor-element-d5b2e90 e-con-boxed e-con\" data-id=\"d5b2e90\" data-element_type=\"container\" data-settings=\"{&quot;content_width&quot;:&quot;boxed&quot;}\">\n\t\t\t\t\t<div class=\"e-con-inner\">\n\t\t<div class=\"elementor-element elementor-element-644b5eb e-con-boxed e-con\" data-id=\"644b5eb\" data-element_type=\"container\" data-settings=\"{&quot;background_background&quot;:&quot;classic&quot;,&quot;content_width&quot;:&quot;boxed&quot;}\" data-e-bg-lazyload=\"\">\n\t\t\t\t\t<div class=\"e-con-inner\">\n\t\t\t\t<div class=\"elementor-element elementor-element-45ef85e elementor-widget elementor-widget-heading\" data-id=\"45ef85e\" data-element_type=\"widget\" data-widget_type=\"heading.default\">\n\t\t\t\t<div class=\"elementor-widget-container\">\n\t\t\t<style>\/*! elementor - v3.11.1 - 15-02-2023 *\/\n.elementor-heading-title{padding:0;margin:0;line-height:1}.elementor-widget-heading .elementor-heading-title[class*=elementor-size-]>a{color:inherit;font-size:inherit;line-height:inherit}.elementor-widget-heading .elementor-heading-title.elementor-size-small{font-size:15px}.elementor-widget-heading .elementor-heading-title.elementor-size-medium{font-size:19px}.elementor-widget-heading .elementor-heading-title.elementor-size-large{font-size:29px}.elementor-widget-heading .elementor-heading-title.elementor-size-xl{font-size:39px}.elementor-widget-heading .elementor-heading-title.elementor-size-xxl{font-size:59px}<\/style><h2 class=\"elementor-heading-title elementor-size-default\">ETUDES<\/h2>\t\t<\/div>\n\t\t\t\t<\/div>\n\t\t\t\t\t<\/div>\n\t\t\t\t<\/div>\n\t\t\t\t\t<\/div>\n\t\t\t\t<\/div>\n\t\t<div class=\"elementor-element elementor-element-6f4742f e-con-boxed e-con\" data-id=\"6f4742f\" data-element_type=\"container\" data-settings=\"{&quot;background_background&quot;:&quot;classic&quot;,&quot;content_width&quot;:&quot;boxed&quot;}\" data-e-bg-lazyload=\"\">\n\t\t\t\t\t<div class=\"e-con-inner\">\n\t\t<div class=\"elementor-element elementor-element-549ed0e e-con-full e-con\" data-id=\"549ed0e\" data-element_type=\"container\" data-settings=\"{&quot;content_width&quot;:&quot;full&quot;}\">\n\t\t\t\t<div class=\"elementor-element elementor-element-d114e57 elementor-widget elementor-widget-text-editor\" data-id=\"d114e57\" data-element_type=\"widget\" data-widget_type=\"text-editor.default\">\n\t\t\t\t<div class=\"elementor-widget-container\">\n\t\t\t<style>\/*! elementor - v3.11.1 - 15-02-2023 *\/\n.elementor-widget-text-editor.elementor-drop-cap-view-stacked .elementor-drop-cap{background-color:#818a91;color:#fff}.elementor-widget-text-editor.elementor-drop-cap-view-framed .elementor-drop-cap{color:#818a91;border:3px solid;background-color:transparent}.elementor-widget-text-editor:not(.elementor-drop-cap-view-default) .elementor-drop-cap{margin-top:8px}.elementor-widget-text-editor:not(.elementor-drop-cap-view-default) .elementor-drop-cap-letter{width:1em;height:1em}.elementor-widget-text-editor .elementor-drop-cap{float:left;text-align:center;line-height:1;font-size:50px}.elementor-widget-text-editor .elementor-drop-cap-letter{display:inline-block}<\/style>\t\t\t\t<p><span data-contrast=\"auto\">Que vous soyez en amont d\u2019un projet, en plein milieu ou \u00e0 la fin d\u2019un projet, nous sommes l\u00e0 pour vous accompagner \u00e0 mieux comprendre le fonctionnement d\u2019une chaine de valeur, ses d\u00e9fis, ses potentialit\u00e9s et ses impacts et nous pouvons vous aider \u00e0 formuler la strat\u00e9gie d\u2019intervention la plus adapt\u00e9e.\u00a0<\/span><span data-ccp-props=\"{&quot;201341983&quot;:0,&quot;335559739&quot;:160,&quot;335559740&quot;:259}\">\u00a0<\/span><\/p><p><span data-contrast=\"auto\">Pourquoi\u202f? Car depuis sa cr\u00e9ation, SENS \u00e9tudie des chaines de valeurs et fili\u00e8res agricoles dans le cadre de son propre programme B\u2019EST. En effet, le point de d\u00e9part d\u2019une intervention pertinente sur une fili\u00e8re r\u00e9side dans sa bonne analyse et dans la formulation d\u2019un<\/span><span data-contrast=\"auto\">e<\/span><span data-contrast=\"auto\"> strat\u00e9gie r\u00e9ellement adapt\u00e9e. C\u2019est pourquoi l\u2019enqu\u00eate de terrain, l\u2019analyse, la mod\u00e9lisation et la d\u00e9finition de plans d\u2019actions pour d\u00e9velopper des fili\u00e8res performantes et r\u00e9silientes est notre pain quotidien.\u00a0<\/span><span data-ccp-props=\"{&quot;201341983&quot;:0,&quot;335559739&quot;:160,&quot;335559740&quot;:259}\">\u00a0<\/span><\/p>\t\t\t\t\t\t<\/div>\n\t\t\t\t<\/div>\n\t\t\t\t<\/div>\n\t\t<div class=\"elementor-element elementor-element-bb333f9 e-con-full e-con\" data-id=\"bb333f9\" data-element_type=\"container\" data-settings=\"{&quot;content_width&quot;:&quot;full&quot;,&quot;background_background&quot;:&quot;classic&quot;}\">\n\t\t\t\t<div class=\"elementor-element elementor-element-5eb5606 elementor-widget elementor-widget-image\" data-id=\"5eb5606\" data-element_type=\"widget\" data-widget_type=\"image.default\">\n\t\t\t\t<div class=\"elementor-widget-container\">\n\t\t\t<style>\/*! elementor - v3.11.1 - 15-02-2023 *\/\n.elementor-widget-image{text-align:center}.elementor-widget-image a{display:inline-block}.elementor-widget-image a img[src$=\".svg\"]{width:48px}.elementor-widget-image img{vertical-align:middle;display:inline-block}<\/style>\t\t\t\t\t\t\t\t\t\t\t\t<img loading=\"lazy\" decoding=\"async\" width=\"621\" height=\"404\" src=\"https:\/\/solidarites-entreprises.org\/site\/wp-content\/uploads\/2023\/10\/Image1.jpg\" class=\"attachment-full size-full wp-image-6795\" alt=\"\" srcset=\"https:\/\/solidarites-entreprises.org\/site\/wp-content\/uploads\/2023\/10\/Image1.jpg 621w, https:\/\/solidarites-entreprises.org\/site\/wp-content\/uploads\/2023\/10\/Image1-300x195.jpg 300w\" sizes=\"auto, (max-width: 621px) 100vw, 621px\" \/>\t\t\t\t\t\t\t\t\t\t\t\t\t\t\t<\/div>\n\t\t\t\t<\/div>\n\t\t\t\t<\/div>\n\t\t\t\t\t<\/div>\n\t\t\t\t<\/div>\n\t\t<div class=\"elementor-element elementor-element-fce31a1 e-con-boxed e-con\" data-id=\"fce31a1\" data-element_type=\"container\" data-settings=\"{&quot;background_background&quot;:&quot;classic&quot;,&quot;content_width&quot;:&quot;boxed&quot;}\">\n\t\t\t\t\t<div class=\"e-con-inner\">\n\t\t\t\t\t<\/div>\n\t\t\t\t<\/div>\n\t\t\t\t\t\t\t<\/div>\n\t\t","protected":false},"excerpt":{"rendered":"<p>ETUDES Que vous soyez en amont d\u2019un projet, en plein milieu ou \u00e0 la fin d\u2019un projet, nous sommes l\u00e0 pour vous accompagner \u00e0 mieux comprendre le fonctionnement d\u2019une chaine de valeur, ses d\u00e9fis, ses potentialit\u00e9s et ses impacts et nous pouvons vous aider \u00e0 formuler la strat\u00e9gie d\u2019intervention la plus adapt\u00e9e.\u00a0\u00a0 Pourquoi\u202f? Car depuis&#8230;<\/p>\n","protected":false},"author":3,"featured_media":0,"parent":0,"menu_order":0,"comment_status":"closed","ping_status":"closed","template":"","meta":{"_acf_changed":false,"_kad_post_transparent":"","_kad_post_title":"hide","_kad_post_layout":"fullwidth","_kad_post_sidebar_id":"","_kad_post_content_style":"unboxed","_kad_post_vertical_padding":"hide","_kad_post_feature":"hide","_kad_post_feature_position":"","_kad_post_header":false,"_kad_post_footer":false,"footnotes":""},"class_list":["post-6677","page","type-page","status-publish","hentry"],"acf":[],"yoast_head":"<!-- This site is optimized with the Yoast SEO plugin v25.4 - https:\/\/yoast.com\/wordpress\/plugins\/seo\/ -->\n<title>Etudes | Solidarites Entreprises Nord-Sud<\/title>\n<meta name=\"robots\" content=\"index, follow, max-snippet:-1, max-image-preview:large, max-video-preview:-1\" \/>\n<link rel=\"canonical\" href=\"https:\/\/solidarites-entreprises.org\/site\/etudes\/\" \/>\n<meta property=\"og:locale\" content=\"fr_FR\" \/>\n<meta property=\"og:type\" content=\"article\" \/>\n<meta property=\"og:title\" content=\"Etudes | Solidarites Entreprises Nord-Sud\" \/>\n<meta property=\"og:description\" content=\"ETUDES Que vous soyez en amont d\u2019un projet, en plein milieu ou \u00e0 la fin d\u2019un projet, nous sommes l\u00e0 pour vous accompagner \u00e0 mieux comprendre le fonctionnement d\u2019une chaine de valeur, ses d\u00e9fis, ses potentialit\u00e9s et ses impacts et nous pouvons vous aider \u00e0 formuler la strat\u00e9gie d\u2019intervention la plus adapt\u00e9e.\u00a0\u00a0 Pourquoi\u202f? Car depuis...\" \/>\n<meta property=\"og:url\" content=\"https:\/\/solidarites-entreprises.org\/site\/etudes\/\" \/>\n<meta property=\"og:site_name\" content=\"Solidarites Entreprises Nord-Sud\" \/>\n<meta property=\"article:publisher\" content=\"https:\/\/www.facebook.com\/SolidaritesEntreprisesNordSud\/?locale=fr_FR\" \/>\n<meta property=\"article:modified_time\" content=\"2023-11-17T16:12:50+00:00\" \/>\n<meta property=\"og:image\" content=\"https:\/\/solidarites-entreprises.org\/site\/wp-content\/uploads\/2023\/10\/Image1.jpg\" \/>\n<meta name=\"twitter:card\" content=\"summary_large_image\" \/>\n<meta name=\"twitter:label1\" content=\"Dur\u00e9e de lecture estim\u00e9e\" \/>\n\t<meta name=\"twitter:data1\" content=\"3 minutes\" \/>\n<script type=\"application\/ld+json\" class=\"yoast-schema-graph\">{\"@context\":\"https:\/\/schema.org\",\"@graph\":[{\"@type\":\"WebPage\",\"@id\":\"https:\/\/solidarites-entreprises.org\/site\/etudes\/\",\"url\":\"https:\/\/solidarites-entreprises.org\/site\/etudes\/\",\"name\":\"Etudes | Solidarites Entreprises Nord-Sud\",\"isPartOf\":{\"@id\":\"https:\/\/solidarites-entreprises.org\/site\/#website\"},\"primaryImageOfPage\":{\"@id\":\"https:\/\/solidarites-entreprises.org\/site\/etudes\/#primaryimage\"},\"image\":{\"@id\":\"https:\/\/solidarites-entreprises.org\/site\/etudes\/#primaryimage\"},\"thumbnailUrl\":\"https:\/\/solidarites-entreprises.org\/site\/wp-content\/uploads\/2023\/10\/Image1.jpg\",\"datePublished\":\"2023-10-23T20:49:53+00:00\",\"dateModified\":\"2023-11-17T16:12:50+00:00\",\"breadcrumb\":{\"@id\":\"https:\/\/solidarites-entreprises.org\/site\/etudes\/#breadcrumb\"},\"inLanguage\":\"fr-FR\",\"potentialAction\":[{\"@type\":\"ReadAction\",\"target\":[\"https:\/\/solidarites-entreprises.org\/site\/etudes\/\"]}]},{\"@type\":\"ImageObject\",\"inLanguage\":\"fr-FR\",\"@id\":\"https:\/\/solidarites-entreprises.org\/site\/etudes\/#primaryimage\",\"url\":\"https:\/\/solidarites-entreprises.org\/site\/wp-content\/uploads\/2023\/10\/Image1.jpg\",\"contentUrl\":\"https:\/\/solidarites-entreprises.org\/site\/wp-content\/uploads\/2023\/10\/Image1.jpg\",\"width\":621,\"height\":404},{\"@type\":\"BreadcrumbList\",\"@id\":\"https:\/\/solidarites-entreprises.org\/site\/etudes\/#breadcrumb\",\"itemListElement\":[{\"@type\":\"ListItem\",\"position\":1,\"name\":\"Accueil\",\"item\":\"https:\/\/solidarites-entreprises.org\/site\/\"},{\"@type\":\"ListItem\",\"position\":2,\"name\":\"Etudes\"}]},{\"@type\":\"WebSite\",\"@id\":\"https:\/\/solidarites-entreprises.org\/site\/#website\",\"url\":\"https:\/\/solidarites-entreprises.org\/site\/\",\"name\":\"Solidarites Entreprises Nord-Sud\",\"description\":\"Cr\u00e9er de la richesse partag\u00e9e sur un territoire\",\"publisher\":{\"@id\":\"https:\/\/solidarites-entreprises.org\/site\/#organization\"},\"potentialAction\":[{\"@type\":\"SearchAction\",\"target\":{\"@type\":\"EntryPoint\",\"urlTemplate\":\"https:\/\/solidarites-entreprises.org\/site\/?s={search_term_string}\"},\"query-input\":{\"@type\":\"PropertyValueSpecification\",\"valueRequired\":true,\"valueName\":\"search_term_string\"}}],\"inLanguage\":\"fr-FR\"},{\"@type\":\"Organization\",\"@id\":\"https:\/\/solidarites-entreprises.org\/site\/#organization\",\"name\":\"Solidarit\u00e9s Entreprises Nord-Sud\",\"alternateName\":\"Sens B\u00e9nin\",\"url\":\"https:\/\/solidarites-entreprises.org\/site\/\",\"logo\":{\"@type\":\"ImageObject\",\"inLanguage\":\"fr-FR\",\"@id\":\"https:\/\/solidarites-entreprises.org\/site\/#\/schema\/logo\/image\/\",\"url\":\"https:\/\/solidarites-entreprises.org\/site\/wp-content\/uploads\/2023\/02\/sens-benin-logo.png\",\"contentUrl\":\"https:\/\/solidarites-entreprises.org\/site\/wp-content\/uploads\/2023\/02\/sens-benin-logo.png\",\"width\":500,\"height\":187,\"caption\":\"Solidarit\u00e9s Entreprises Nord-Sud\"},\"image\":{\"@id\":\"https:\/\/solidarites-entreprises.org\/site\/#\/schema\/logo\/image\/\"},\"sameAs\":[\"https:\/\/www.facebook.com\/SolidaritesEntreprisesNordSud\/?locale=fr_FR\",\"https:\/\/www.linkedin.com\/company\/solidarit\u00e9s-entreprises-nord-sud\/\"]}]}<\/script>\n<!-- \/ Yoast SEO plugin. -->","yoast_head_json":{"title":"Etudes | Solidarites Entreprises Nord-Sud","robots":{"index":"index","follow":"follow","max-snippet":"max-snippet:-1","max-image-preview":"max-image-preview:large","max-video-preview":"max-video-preview:-1"},"canonical":"https:\/\/solidarites-entreprises.org\/site\/etudes\/","og_locale":"fr_FR","og_type":"article","og_title":"Etudes | Solidarites Entreprises Nord-Sud","og_description":"ETUDES Que vous soyez en amont d\u2019un projet, en plein milieu ou \u00e0 la fin d\u2019un projet, nous sommes l\u00e0 pour vous accompagner \u00e0 mieux comprendre le fonctionnement d\u2019une chaine de valeur, ses d\u00e9fis, ses potentialit\u00e9s et ses impacts et nous pouvons vous aider \u00e0 formuler la strat\u00e9gie d\u2019intervention la plus adapt\u00e9e.\u00a0\u00a0 Pourquoi\u202f? Car depuis...","og_url":"https:\/\/solidarites-entreprises.org\/site\/etudes\/","og_site_name":"Solidarites Entreprises Nord-Sud","article_publisher":"https:\/\/www.facebook.com\/SolidaritesEntreprisesNordSud\/?locale=fr_FR","article_modified_time":"2023-11-17T16:12:50+00:00","og_image":[{"url":"https:\/\/solidarites-entreprises.org\/site\/wp-content\/uploads\/2023\/10\/Image1.jpg","type":"","width":"","height":""}],"twitter_card":"summary_large_image","twitter_misc":{"Dur\u00e9e de lecture estim\u00e9e":"3 minutes"},"schema":{"@context":"https:\/\/schema.org","@graph":[{"@type":"WebPage","@id":"https:\/\/solidarites-entreprises.org\/site\/etudes\/","url":"https:\/\/solidarites-entreprises.org\/site\/etudes\/","name":"Etudes | Solidarites Entreprises Nord-Sud","isPartOf":{"@id":"https:\/\/solidarites-entreprises.org\/site\/#website"},"primaryImageOfPage":{"@id":"https:\/\/solidarites-entreprises.org\/site\/etudes\/#primaryimage"},"image":{"@id":"https:\/\/solidarites-entreprises.org\/site\/etudes\/#primaryimage"},"thumbnailUrl":"https:\/\/solidarites-entreprises.org\/site\/wp-content\/uploads\/2023\/10\/Image1.jpg","datePublished":"2023-10-23T20:49:53+00:00","dateModified":"2023-11-17T16:12:50+00:00","breadcrumb":{"@id":"https:\/\/solidarites-entreprises.org\/site\/etudes\/#breadcrumb"},"inLanguage":"fr-FR","potentialAction":[{"@type":"ReadAction","target":["https:\/\/solidarites-entreprises.org\/site\/etudes\/"]}]},{"@type":"ImageObject","inLanguage":"fr-FR","@id":"https:\/\/solidarites-entreprises.org\/site\/etudes\/#primaryimage","url":"https:\/\/solidarites-entreprises.org\/site\/wp-content\/uploads\/2023\/10\/Image1.jpg","contentUrl":"https:\/\/solidarites-entreprises.org\/site\/wp-content\/uploads\/2023\/10\/Image1.jpg","width":621,"height":404},{"@type":"BreadcrumbList","@id":"https:\/\/solidarites-entreprises.org\/site\/etudes\/#breadcrumb","itemListElement":[{"@type":"ListItem","position":1,"name":"Accueil","item":"https:\/\/solidarites-entreprises.org\/site\/"},{"@type":"ListItem","position":2,"name":"Etudes"}]},{"@type":"WebSite","@id":"https:\/\/solidarites-entreprises.org\/site\/#website","url":"https:\/\/solidarites-entreprises.org\/site\/","name":"Solidarites Entreprises Nord-Sud","description":"Cr\u00e9er de la richesse partag\u00e9e sur un territoire","publisher":{"@id":"https:\/\/solidarites-entreprises.org\/site\/#organization"},"potentialAction":[{"@type":"SearchAction","target":{"@type":"EntryPoint","urlTemplate":"https:\/\/solidarites-entreprises.org\/site\/?s={search_term_string}"},"query-input":{"@type":"PropertyValueSpecification","valueRequired":true,"valueName":"search_term_string"}}],"inLanguage":"fr-FR"},{"@type":"Organization","@id":"https:\/\/solidarites-entreprises.org\/site\/#organization","name":"Solidarit\u00e9s Entreprises Nord-Sud","alternateName":"Sens B\u00e9nin","url":"https:\/\/solidarites-entreprises.org\/site\/","logo":{"@type":"ImageObject","inLanguage":"fr-FR","@id":"https:\/\/solidarites-entreprises.org\/site\/#\/schema\/logo\/image\/","url":"https:\/\/solidarites-entreprises.org\/site\/wp-content\/uploads\/2023\/02\/sens-benin-logo.png","contentUrl":"https:\/\/solidarites-entreprises.org\/site\/wp-content\/uploads\/2023\/02\/sens-benin-logo.png","width":500,"height":187,"caption":"Solidarit\u00e9s Entreprises Nord-Sud"},"image":{"@id":"https:\/\/solidarites-entreprises.org\/site\/#\/schema\/logo\/image\/"},"sameAs":["https:\/\/www.facebook.com\/SolidaritesEntreprisesNordSud\/?locale=fr_FR","https:\/\/www.linkedin.com\/company\/solidarit\u00e9s-entreprises-nord-sud\/"]}]}},"_links":{"self":[{"href":"https:\/\/solidarites-entreprises.org\/site\/wp-json\/wp\/v2\/pages\/6677","targetHints":{"allow":["GET"]}}],"collection":[{"href":"https:\/\/solidarites-entreprises.org\/site\/wp-json\/wp\/v2\/pages"}],"about":[{"href":"https:\/\/solidarites-entreprises.org\/site\/wp-json\/wp\/v2\/types\/page"}],"author":[{"embeddable":true,"href":"https:\/\/solidarites-entreprises.org\/site\/wp-json\/wp\/v2\/users\/3"}],"replies":[{"embeddable":true,"href":"https:\/\/solidarites-entreprises.org\/site\/wp-json\/wp\/v2\/comments?post=6677"}],"version-history":[{"count":10,"href":"https:\/\/solidarites-entreprises.org\/site\/wp-json\/wp\/v2\/pages\/6677\/revisions"}],"predecessor-version":[{"id":7366,"href":"https:\/\/solidarites-entreprises.org\/site\/wp-json\/wp\/v2\/pages\/6677\/revisions\/7366"}],"wp:attachment":[{"href":"https:\/\/solidarites-entreprises.org\/site\/wp-json\/wp\/v2\/media?parent=6677"}],"curies":[{"name":"wp","href":"https:\/\/api.w.org\/{rel}","templated":true}]}}